1110110220021 (base 3) in base 9?
1413807
12033101312 (base 4) to base 14
308018
Convert a216 (base 14) to base 13.
c8a6
Convert -249455 (base 16) to base 13.
-65c204
Convert -1386406 (base 13) to base 5.
-3040324130
-231224 (base 6) to base 7
-111364
-46772626 (base 8) to base 2
-100110111111010110010110
13112124 (base 5) to base 11
88a49
Convert 3da017 (base 15) to base 2.
1011010101000110100110
Convert 82094 (base 12) to base 5.
20410311
What is -21200211202020 (base 3) in base 11?
-234466a
What is -55055004 (base 6) in base 3?
-10002100101011
Convert -225506 (base 10) to base 14.
-5c278
Convert 3b635 (base 12) to base 4.
110003021
-11011001011100010 (base 2) to base 5
-12030310
Convert 67aa5 (base 14) to base 10.
251809
e0c55 (base 16) to base 5
213430121
What is -279889 (base 16) in base 4?
-21321202021
What is -20186 (base 14) in base 15?
-17cd1
-114677 (base 14) to base 4
-2033223101
128932 (base 10) to base 8
373644
What is -5347477 (base 9) in base 13?
-794719
131e67 (base 16) to base 3
2100122202012
15b74c1 (base 13) to base 14
d07dd7
What is -37c5a5 (base 15) in base 7?
-31505510
-1548542 (base 12) to base 5
-2101441212
-672660 (base 13) to base 12
-994103
-3002010302 (base 4) to base 15
-10a805
What is 313521 (base 8) in base 2?
11001011101010001
18a466b (base 12) to base 6
303140215
Convert -307120 (base 13) to base 4.
-10103233231
What is 14734358 (base 9) in base 13?
16a224a
98a58 (base 13) to base 6
5531324
Convert -192ba (base 16) to base 15.
-20833
Convert -2b829 (base 16) to base 7.
-1341404
Convert 102011212001020 (base 3) to base 15.
7c5623
Convert 219580 (base 12) to base 16.
828f0
258234 (base 12) to base 13
1871cb
4013214034 (base 5) to base 13
1852329
What is 115731 (base 8) in base 7?
224214
Convert 1d0d1 (base 14) to base 8.
221037
Convert 11133213010 (base 4) to base 13.
3b56b4
Convert -10300223 (base 5) to base 9.
-143102
Convert -10644172 (base 8) to base 4.
-20310201322
What is 1632732 (base 8) in base 4?
1303113122
Convert -142224415 (base 7) to base 2.
-100011100110110111111011
3382ed (base 15) to base 5
1112121143
Convert -830106 (base 14) to base 3.
-22022110102012
-10202030 (base 5) to base 11
-58656
What is -4811085 (base 10) in base 3?
-100001102120100
What is -1000201111200 (base 3) in base 5?
-114430121
-25234535 (base 6) to base 3
-1112100010112
Convert -2201011131 (base 5) to base 10.
-4703916
What is -2411434244 (base 5) in base 6?
-315313305
What is -21d226 (base 15) in base 9?
-3028560
-87338 (base 12) to base 7
-1342202
Convert -645450 (base 7) to base 14.
-2cd60
-78299 (base 10) to base 16
-131db
-205317 (base 8) to base 13
-25121
2322001223 (base 4) to base 16
ba06b
What is -31223130 (base 5) in base 11?
-166859
45727 (base 11) to base 13
24113
What is -46626 (base 12) in base 9?
-153203
Convert 1154465 (base 11) to base 14.
3a51a8
Convert 1100112002212 (base 3) to base 2.
10101111100000010111
-27721 (base 13) to base 3
-10202010001
What is -12212211200 (base 3) in base 15?
-24499
1101011201102 (base 3) to base 7
6135161
23001322122 (base 4) to base 12
b75336
Convert -54cdc (base 16) to base 3.
-122122111001
8cd5e0 (base 15) to base 5
3210241320
-736c6f (base 16) to base 2
-11100110110110001101111
-122201022 (base 4) to base 7
-631446
Convert 712303 (base 8) to base 13.
82a92
What is 53575 (base 8) in base 9?
33645
What is 468923 (base 10) in base 2?
1110010011110111011
What is -4133711 (base 8) in base 11?
-689183
363362 (base 8) to base 9
208888
22000211022 (base 3) to base 11
a8837
21110110200 (base 3) to base 5
14144441
3331331 (base 11) to base 13
12979b0
1111010100100100101111 (base 2) to base 15
5450c1
11200120221 (base 4) to base 2
101100000011000101001
Convert -146811b (base 12) to base 10.
-4119719
-1a9035a (base 12) to base 8
-25461366
Convert -9608b (base 13) to base 14.
-70746
-30320123230 (base 4) to base 16
-3386ec
What is 1011111100111001110 (base 2) in base 4?
1133213032
Convert -3062410 (base 10) to base 8.
-13535212
101000101211001 (base 3) to base 8
24233067
4522b (base 14) to base 8
507607
What is -4123432 (base 5) in base 15?
-14e62
What is -2621262 (base 8) in base 16?
-b22b2
Convert -43959 (base 13) to base 7.
-1016640
Convert 40710 (base 8) to base 3.
212002201
Convert 142b47 (base 13) to base 4.
1320011021
Convert -11000000010110001 (base 2) to base 13.
-35a96
Convert -269909 (base 11) to base 3.
-210111021121
What is 1242542101 (base 6) in base 14?
1d47205
96413 (base 16) to base 12
2581ab
Convert -82bb5 (base 16) to base 8.
-2025665
Convert 47a393 (base 11) to base 13.
2081a5
-d9da03 (base 15) to base 10
-10373628
Convert -2fbd (base 16) to base 4.
-2332331
What is -a812771 (base 11) in base 13?
-3c30389
Convert -112010112112 (base 3) to base 7.
-2235623
Convert 21725406 (base 8) to base 7.
54631256
What is 2000121022001 (base 3) in base 10?
1074763
What is -11101011001010101 (base 2) in base 13?
-42a5c
-e895e (base 15) to base 8
-2641110
What is -1696b41 (base 12) in base 7?
-54521215
Convert -962931 (base 14) to base 4.
-103113302333
Convert -40384 (base 10) to base 2.
-1001110111000000
Convert 565565 (base 8) to base 14.
4da3b
42706410 (base 8) to base 13
1b82a04
112010 (base 7) to base 13
909b
-15322442 (base 8) to base 14
-677322
41229 (base 12) to base 10
84993
Convert 2132103 (base 4) to base 14.
3999
1022002101200 (base 3) to base 7
5604363
658a78 (base 11) to base 7
11636315
What is -273f (base 16) in base 12?
-5993
What is -17393 (base 16) in base 13?
-343b2
-286732 (base 10) to base 5
-33133412
Convert b08771 (base 15) to base 4.
133332111232
What is -231103021 (base 5) in base 4?
-3330220021
What is 20010222100 (base 3) in base 10?
120996
-11022011102 (base 3) to base 10
-84683
203313301120 (base 4) to base 3
122200202011001
Convert 617641 (base 8) to base 7.
1511544
-25042526 (base 7) to base 8
-10442376
-505444214 (base 6) to base 2
-100001000100010110110010
Convert -19939 (base 15) to base 7.
-464133
Convert 20658 (base 10) to base 6.
235350
-11220010210 (base 3) to base 4
-113201022
Convert 1111100011000101110010 (base 2) to base 5.
2020412030
Convert 13303201 (base 5) to base 9.
224818
-1210011111000 (base 3) to base 6
-32153043
What is 124353 (base 9) in base 15?
17503
Convert -4bd52 (base 15) to base 12.
-b84ab
Convert -18e0 (base 15) to base 3.
-21101110
What is 270340 (base 9) in base 16?
281d0
What is -3200324 (base 5) in base 16?
-cfde
Convert -183499 (base 14) to base 10.
-854303
Convert 5ea949 (base 16) to base 15.
828216
What is -1813 (base 12) in base 5?
-43040
Convert -7147420 (base 10) to base 6.
-413105524
-60076755 (base 8) to base 3
-212201220201202
What is -a5635 (base 11) in base 12?
-75031
Convert -235b98 (base 12) to base 9.
-1058158
-3b56643 (base 12) to base 4
-231003110103
What is -120105230 (base 7) in base 10?
-7430528
-729824 (base 10) to base 5
-141323244
10024003 (base 5) to base 2
10011100000000110
What is 22030103 (base 4) in base 3?
2010021012
Convert 55401541 (base 6) to base 4.
12112113211
3030110112 (base 4) to base 9
1514883
Convert -16890 (base 16) to base 4.
-112202100
Convert 82b103 (base 13) to base 4.
23221010131
-1202201221021 (base 3) to base 12
-39392a
Convert -1447563 (base 8) to base 11.
-26278a
-380803 (base 10) to base 13
-104437
Convert -2b305 (base 12) to base 2.
-1110110111110101
Convert 120125320 (base 6) to base 13.
60a7b2
Convert -232164 (base 16) to base 14.
-43d068
503329 (base 10) to base 11
314182
31462565 (base 7) to base 6
133125122
Convert 331498 (base 10) to base 8.
1207352
121221200212 (base 3) to base 4
1101131132
Convert 52210 (base 9) to base 12.
17b16
What is -1021200134 (base 5) in base 16?
-20855e
Convert -211221102020 (base 3) to base 14.
-ba7bc
What is -100110011111110011110 (base 2) in base 11?
-791841
What is 1a587 (base 12) in base 6?
455451
Convert 11010100000010010110100 (base 2) to base 3.
111001222220002
What is -4fd6c (base 16) in base 5?
-40431040
30701c (base 14) to base 9
3057577
Convert -24322443 (base 7) to base 14.
-4082ca
-2254305 (base 6) to base 4
-130121201
What is 4b8a79 (base 12) in base 3?
2022221021210
Convert -314211422 (base 5) to base 4.
-11002022330
-566264 (base 7) to base 16
-18923
-53a4365 (base 11) to base 4
-210031222012
-58293 (base 10) to base 8
-